on divisor of r and f?
2
Suppose 344 - 520 = -16*h. Calculate the highest common divisor of h and 3179.
11
Suppose -69*l + 63*l = -4578. Calculate the highest common divisor of l and 7.
7
Suppose 76*q - 1086 - 9683 = 6027. Calculate the greatest common divisor of 351 and q.
13
Let x(n) = -1067*n + 1552. Let a be x(0). What is the greatest common factor of 5626 and a?
194
Let q(j) = 4*j**2 + 24*j - 98. Let p be q(6). Calculate the highest common divisor of p and 310.
10
Let h be (-1 - (-595)/(-2))*10/(-15). Suppose 6*l = h + 11. Suppose -3*i = -2*r + 82, -4*i + 9*i + 195 = 5*r. What is the highest common factor of r and l?
35
Suppose -n = -84*i + 87*i - 5661, -2*i = -6. Calculate the greatest common divisor of n and 36.
36
Let u be (-32 + 7)/(202/(-102) + 2). Let q be (1/3)/((-25)/u). Calculate the highest common divisor of q and 391.
17
Let d = 358 - 325. Suppose -d*p = -1729 - 1043. What is the highest common divisor of 7 and p?
7
Let r be 6/57 + ((-88211)/(-57) - (-8)/(-12)). What is the greatest common factor of r and 49?
7
Let u = 2470 + -2452. Calculate the greatest common divisor of 228 and u.
6
Let g = -5962 + 21365. Calculate the greatest common factor of g and 73.
73
Let d = 37455 - 15773. Calculate the greatest common divisor of 37 and d.
37
Suppose 4*j + 4*k = 7360, 2*k = -3 + 11. Calculate the highest common factor of j and 60.
12
Suppose 0 = 3*x + 4*w + 5 + 9, -x = 5*w + 23. Suppose 3*b - 29 = -h, -3*h + x*b - 126 = -7*h. What is the highest common divisor of 88 and h?
8
Let n be 11 - 12 - (-3)/(3/1619). Suppose 3*q = -5*h + n, -15*h = 4*q - 11*h - 2168. What is the highest common factor of q and 78?
78
Let l(z) = 25*z + 2582. Let n be l(-102). Calculate the greatest common factor of n and 3112.
8
Let i = 4662 - 4056. Calculate the highest common factor of i and 12.
6
Let p = 20 - 20. Suppose p = 4*o - z - 33, 8*o + z + 26 = 11*o. Calculate the highest common factor of 7 and o.
7
Let a = -22623 - -25337. What is the greatest common factor of 414 and a?
46
Let s(f) = -f**3 - 174*f**2 + 535*f + 853. Let j be s(-177). Calculate the greatest common divisor of 10 and j.
5
Let n = -10376 - -10748. Calculate the greatest common factor of 36 and n.
12
Suppose -13*f - 4 = -15*f. Let m be (9/f)/(13/156). Calculate the highest common factor of 72 and m.
18
Suppose -3*s + 12 = -3. Suppose 0 = -2*x, 5*o + 18*x - 23*x = 25. Calculate the highest common factor of s and o.
5
Let d(h) = 2*h**3 - 7*h**2 + 2*h - 6. Let j be d(5). Let a = j + -43. Let z be ((-177)/18 - -9) + (-226)/(-12). Calculate the greatest common factor of z and a.
18
Let i be -2 + (2/12 - 1670/(-60)). Let b = -68 - -53. Let h = b + 54. What is the greatest common divisor of i and h?
13
Let z = 8 + 0. Suppose 3*t + 4*i - 180 = 0, -t - 3*i + 60 = i. Let a be (34/10 + -3)*t. What is the greatest common factor of a and z?
8
Let x = -1896 - -2560. Calculate the highest common divisor of 16 and x.
8
Suppose -k = 3*k - 92. Let q be (-1171)/(-17) - (74/(-407) + 12/187). Calculate the greatest common factor of q and k.
23
Let x be 183 + (-4 + 3 - 2). Suppose 2*c = p + x, c + p + 29 - 113 = 0. Suppose 0 = 9*d - 13*d + c. Calculate the highest common factor of d and 2.
2
Suppose -l = -5*w + 165, 5*w - 41 = -5*l + 94. Let q be (w/(-14))/((-24)/84). Suppose -5*p - 84 = -364. Calculate the greatest common divisor of p and q.
8
Let g = 236 + -239. Let z be (g - 185/5)*-2. Calculate the highest common factor of 5 and z.
5
Let m be -6 + -4 - (-3186 - -8). Calculate the highest common factor of 32 and m.
32
Suppose -2*m - t = 2*t - 219, 15 = 5*t. Let z be (22416/(-6538))/(4/(-210)). Calculate the greatest common divisor of z and m.
15
Let t = 15 + -32. Suppose 271 - 10 = 9*y. Let c = t + y. Calculate the greatest common factor of c and 12.
12
Let k(f) = f**3 - 6*f**2 + 6*f + 1. Suppose -11 = -4*s + 9. Let x be k(s). Let j = 344618 + -344576. Calculate the greatest common factor of j and x.
6
Suppose 22 - 31 = -17*h + 42. What is the highest common factor of 1875 and h?
3
Let t = -175 + 178. Suppose 57 + 3 = t*z. What is the greatest common divisor of z and 320?
20
Let y be -78*1/(-7)*5/(30/84). Calculate the greatest common divisor of y and 6604.
52
Let g be (-5 - (9 + -15))/((-1)/396*-3). Calculate the greatest common factor of 9273 and g.
33
Suppose -16*m - 23 + 162 + 53 = 0. Calculate the greatest common factor of 148 and m.
4
Suppose -915*t - 1760 = -947*t. What is the greatest common factor of t and 160?
5
Suppose 47304 = 5*d + 28*f - 31*f, 4*d - 3*f = 37842. What is the highest common factor of 171 and d?
57
Suppose -167*x + 11 = -2*t - 172*x, -4*x = -4*t + 20. What is the highest common divisor of t and 295?
1
Let d(i) = 141*i + 481. Let z be d(33). What is the greatest common divisor of 17 and z?
17
Suppose 208*i + 7877 = 213*i - 55888. What is the highest common factor of 234 and i?
117
Let c(y) = 2*y**2 - 154*y + 680. Let r be c(73). Calculate the greatest common factor of r and 296.
8
Suppose -4*i - 8*b - 19 = -3*b, -i + b = -2. Let m = i - -2. Let h = -1402 + 1407. What is the highest common factor of m and h?
1
Let g(p) = -p**3 + 10*p**2 - 3*p + 23. Let j be g(10). Suppose -216 = -i + 5*i. Let f be (j - 2)/(i/26 - -2). What is the greatest common factor of 13 and f?
13
Suppose -2*t + 164 = -2*s, -1005*s + 1009*s = 5*t - 412. What is the greatest common factor of 24 and t?
12
Let c = 3368 - 3320. What is the greatest common divisor of 592 and c?
16
Let q be (-10 - -2) + 289 + 61 + -1. What is the highest common factor of q and 352?
11
Let x(w) = -w**3 + 4*w**2 + 16*w + 37. Let m be x(7). Suppose -103*z + m*f - 124 = -107*z, -104 = -4*z + 3*f. What is the highest common factor of 232 and z?
29
Let l be (42560/(-1568))/((-27)/(-14) + -2). What is the greatest common factor of l and 684?
76
Let m = -12099 - -20464. What is the highest common factor of m and 35?
35
Let q be (-3)/6 + (-2)/(-4). Suppose 56*v - 54*v - 56 = q. Suppose -4 = -2*k + 4. What is the highest common factor of k and v?
4
Let l = 286 + -151. Let b be (l/18 + -3)*2/3. What is the greatest common divisor of b and 21?
3
Suppose 3*h + 16*h - 152 = 0. Suppose -h*n + 13*n - 2310 = 0. Calculate the greatest common divisor of n and 14.
14
Let l(f) = -51*f**3 - 14*f**2 - 50*f - 49. Let b be l(-2). What is the greatest common factor of b and 3198?
13
Let f be (-10)/(-4)*(-60)/75. Let z be (f/4)/(5 + 202/(-40)). Calculate the greatest common divisor of 30 and z.
10
Suppose -421 = -5*o + 699. Let a(z) = -300*z - 4468. Let c be a(-15). Calculate the greatest common divisor of c and o.
32
Let q(o) = o**3 + 10*o**2 + 9*o + 12. Let s be q(-9). Suppose -s*k + k = -5544. What is the greatest common divisor of 14 and k?
14
Let l(y) = -38*y + 176. Let c be l(-4). Calculate the greatest common divisor of c and 4.
4
Let b(y) = -y**2 + 46*y - 210. Let z be b(39). Let a = 3 - 3. Suppose -4*w + 1 + 27 = a. What is the highest common factor of z and w?
7
Let k(f) = -3*f + 16. Let h(l) = -13 + 0*l - 5*l + 0*l + 3*l. Let d be h(-5). Let p be k(d). What is the highest common divisor of 125 and p?
25
Suppose -448 - 1232 = -5*r. What is the highest common divisor of 420 and r?
84
Let y be 6 + (-3 - 4) + (81 - 0). Let j = y + -80. Suppose 25*r - 23*r - 58 = j. What is the greatest common factor of r and 232?
29
Let x = -112 + 134. Suppose -x = -2*o - 0. What is the greatest common divisor of 11 and o?
11
Let r be -12 + (-2)/((-16)/24). Let l be (-11844)/r + -1 + 2 + -1. What is the highest common factor of 47 and l?
47
Let r be -4 + 5 - (-35 - 0). Suppose t + 3*t = r. Suppose 12*g - t*g - 6 = 0. What is the greatest common divisor of 4 and g?
2
Suppose -1561 = -25*r - 61. Suppose r = 2*q + 4*q. What is the greatest common factor of q and 360?
10
Let m be ((2/10)/(168/210))/(8/672). What is the greatest common factor of 371 and m?
7
Suppose -10*n - 35812 = -128*n + 132692. Calculate the highest common divisor of n and 18.
6
Let a(k) = -k**2 - 539*k - 1586. Let x be a(-3). Calculate the greatest common factor of 20702 and x.
22
Let s = -17578 + 17590. What is the highest common factor of s and 6144?
12
Suppose -14*c + 10*c = 35*c + 273. Let m(y) = 0*y + 3*y + 3*y**2 + 7*y + 14. Let w be m(c). Calculate the greatest common factor of 26 and w.
13
